{"id":3,"date":"2026-01-28T10:42:44","date_gmt":"2026-01-28T10:42:44","guid":{"rendered":"http:\/\/kimbarth.be\/?page_id=3"},"modified":"2026-04-01T07:54:25","modified_gmt":"2026-04-01T07:54:25","slug":"impressum","status":"publish","type":"page","link":"https:\/\/kimbarth.be\/index.php\/impressum\/","title":{"rendered":"Impressum"},"content":{"rendered":"\n<h2 class=\"wp-block-heading\"><strong>Kim Barth<\/strong><\/h2>\n\n\n\n<p>Einzelunternehmen (nat\u00fcrliche Person)<\/p>\n\n\n\n<p class=\"has-small-font-size\">Adresse: Scheidweg 34a, 4700 Eupen &#8211; Belgien\u200b<\/p>\n\n\n\n<p class=\"has-small-font-size\">Telefon: +32 (0) 494 91 42 98<\/p>\n\n\n\n<p class=\"has-small-font-size\">E-Mail: contact@kimbarth.be<br>Unternehmensnummer:&nbsp;1010.005.669<\/p>\n\n\n\n<p class=\"has-small-font-size\">Webseite: www.kimbarth.be<\/p>\n\n\n\n<p><\/p>\n\n\n\n<p class=\"has-small-font-size\">Inhaltlich Verantwortlich geam\u00e4\u00df Art. XII WER: Kim Barth (Anschrift wie oben)<\/p>\n\n\n\n<p><\/p>\n\n\n\n<p class=\"has-small-font-size\"><strong>Haftungshinweis:<\/strong><br>Trotz sorgf\u00e4ltiger inhaltlicher Kontrolle \u00fcbernehme ich keine Haftung f\u00fcr die Inhalte externer Links. F\u00fcr den Inhalt der verlinkten Seiten sind ausschlie\u00dflich deren Betreiber verantwortlich.<\/p>\n\n\n\n<p class=\"has-small-font-size\"><strong>Urheberrecht:<\/strong><br>Die durch die Seitenbetreiber erstellten Inhalte und Werke auf diesen Seiten unterliegen dem belgischen Urheberrecht. Beitr\u00e4ge Dritter sind als solche gekennzeichnet. Die Vervielf\u00e4ltigung, Bearbeitung, Verbreitung und jede Art der Verwertung au\u00dferhalb der Grenzen des Urheberrechtes bed\u00fcrfen der schriftlichen Zustimmung des jeweiligen Autors bzw. Erstellers. Downloads und Kopien dieser Seite sind nur f\u00fcr den privaten, nicht kommerziellen Gebrauch gestattet.<\/p>\n\n\n\n<h5 class=\"wp-block-heading has-small-font-size\"><strong>E-Mail-Kontakt:<\/strong><\/h5>\n\n\n\n<p class=\"has-small-font-size\">Wenn Sie mir per E-Mail eine Nachrichten senden, werden die von Ihnen angegebenen Daten (z.\u202fB. Name, E-Mail-Adresse, Nachricht) ausschlie\u00dflich zur Bearbeitung der Anfrage verarbeitet. Eine Weitergabe an Dritte erfolgt nur mit ausdr\u00fccklicher und schriftlicher Zustimmung.<\/p>\n\n\n\n<p><\/p>\n\n\n\n<p><\/p>\n","protected":false},"excerpt":{"rendered":"<p>Kim Barth Einzelunternehmen (nat\u00fcrliche Person) Adresse: Scheidweg 34a, 4700 Eupen &#8211; Belgien\u200b Telefon: +32 (0) 494 91 42 98 E-Mail: contact@kimbarth.beUnternehmensnummer:&nbsp;1010.005.669 Webseite: www.kimbarth.be Inhaltlich Verantwortlich geam\u00e4\u00df Art. XII WER: Kim Barth (Anschrift wie oben) Haftungshinweis:Trotz sorgf\u00e4ltiger inhaltlicher Kontrolle \u00fcbernehme ich keine Haftung f\u00fcr die Inhalte externer Links. F\u00fcr den Inhalt der verlinkten Seiten sind ausschlie\u00dflich [&hellip;]<\/p>\n","protected":false},"author":1,"featured_media":0,"parent":0,"menu_order":0,"comment_status":"closed","ping_status":"closed","template":"","meta":{"footnotes":""},"class_list":["post-3","page","type-page","status-publish","hentry"],"_links":{"self":[{"href":"https:\/\/kimbarth.be\/index.php\/wp-json\/wp\/v2\/pages\/3","targetHints":{"allow":["GET"]}}],"collection":[{"href":"https:\/\/kimbarth.be\/index.php\/wp-json\/wp\/v2\/pages"}],"about":[{"href":"https:\/\/kimbarth.be\/index.php\/wp-json\/wp\/v2\/types\/page"}],"author":[{"embeddable":true,"href":"https:\/\/kimbarth.be\/index.php\/wp-json\/wp\/v2\/users\/1"}],"replies":[{"embeddable":true,"href":"https:\/\/kimbarth.be\/index.php\/wp-json\/wp\/v2\/comments?post=3"}],"version-history":[{"count":10,"href":"https:\/\/kimbarth.be\/index.php\/wp-json\/wp\/v2\/pages\/3\/revisions"}],"predecessor-version":[{"id":192,"href":"https:\/\/kimbarth.be\/index.php\/wp-json\/wp\/v2\/pages\/3\/revisions\/192"}],"wp:attachment":[{"href":"https:\/\/kimbarth.be\/index.php\/wp-json\/wp\/v2\/media?parent=3"}],"curies":[{"name":"wp","href":"https:\/\/api.w.org\/{rel}","templated":true}]}}